{"id":12,"date":"2023-02-15T13:07:27","date_gmt":"2023-02-15T13:07:27","guid":{"rendered":"https:\/\/bouhedma.inrgref.ctfc.cat\/?page_id=12"},"modified":"2023-02-17T12:05:33","modified_gmt":"2023-02-17T12:05:33","slug":"partenaires-et-bailleurs","status":"publish","type":"page","link":"https:\/\/bouhedma.inrgref.ctfc.cat\/?page_id=12","title":{"rendered":"<strong>Partenariat<\/strong>"},"content":{"rendered":"\n<p><strong>PARTENAIRES :<\/strong><\/p>\n\n\n<div class=\"wp-block-image\">\n<figure class=\"alignleft size-large is-resized\"><img loading=\"lazy\" decoding=\"async\" src=\"https:\/\/bouhedma.inrgref.ctfc.cat\/wp-content\/uploads\/2023\/02\/logoCTFC-1-1024x295.png\" alt=\"\" class=\"wp-image-45\" width=\"163\" height=\"48\" srcset=\"https:\/\/bouhedma.inrgref.ctfc.cat\/wp-content\/uploads\/2023\/02\/logoCTFC-1-1024x295.png 1024w, https:\/\/bouhedma.inrgref.ctfc.cat\/wp-content\/uploads\/2023\/02\/logoCTFC-1-300x86.png 300w, https:\/\/bouhedma.inrgref.ctfc.cat\/wp-content\/uploads\/2023\/02\/logoCTFC-1-768x221.png 768w, https:\/\/bouhedma.inrgref.ctfc.cat\/wp-content\/uploads\/2023\/02\/logoCTFC-1-1536x442.png 1536w, https:\/\/bouhedma.inrgref.ctfc.cat\/wp-content\/uploads\/2023\/02\/logoCTFC-1-2048x590.png 2048w\" sizes=\"auto, (max-width: 163px) 100vw, 163px\" \/><\/figure>\n<\/div>\n\n\n<p>Le&nbsp;<strong>CTFC<\/strong> : Centre de Recherche Foresti\u00e8re de Catalogne est le coordinateur principal du projet. C\u2019est un centre de Recherche Applique, de Formation et de Transfert de technologie. Sa mission est de contribuer \u00e0 la modernisation et \u00e0 la comp\u00e9titivit\u00e9 de la filaire for\u00eat et au d\u00e9veloppement durable du milieu naturel. C\u2019est le partenaire espagnol. <\/p>\n\n\n\n<p style=\"margin-left: 175px;\"><a href=\"https:\/\/ctfc.cat\/\">https:\/\/ctfc.cat\/<\/a><\/p>\n\n\n\n<p>                                         <\/p>\n\n\n<div class=\"wp-block-image\">\n<figure class=\"alignleft size-full is-resized\"><img loading=\"lazy\" decoding=\"async\" src=\"https:\/\/bouhedma.inrgref.ctfc.cat\/wp-content\/uploads\/2023\/02\/ingref-1.png\" alt=\"\" class=\"wp-image-87\" width=\"156\" height=\"120\"\/><\/figure>\n<\/div>\n\n\n<p>L\u2019<strong>INRGREF<\/strong> : l\u2019Institut National de Recherches en Ing\u00e9nierie Rurale, Eaux et For\u00eats est le partenaire local du projet. Il a pour r\u00e2le de donner support et renforcer la capacit\u00e9 de recherche et le transfert de connaissances. Il a r\u00e9alisation des exp\u00e9riences d\u2019implantation d\u2019espaces v\u00e9g\u00e9tales susceptibles d\u2019\u00eatre mises en valeur par le b\u00e9tail comme <em>Opuntia ficus-indica<\/em> et <em>Acacia cyanophyla<\/em> dans des zones diverses de la Tunisie.<br><a rel=\"noreferrer noopener\" href=\"http:\/\/www.inrgref.agrinet.tn\/fr\/\" target=\"_blank\">http:\/\/www.inrgref.agrinet.tn\/fr\/<\/a><\/p><br>\n\n\n\n<p><\/p>\n\n\n\n<p><strong>BAILLEUR:<\/strong><\/p>\n\n\n\n<p>Ce projet est cofinanc\u00e9 par l\u2019Union europ\u00e9enne.<\/p>\n\n\n\n<p><a href=\"https:\/\/commission.europa.eu\/index_fr\">https:\/\/commission.europa.eu\/index_fr<\/a><\/p>\n\n\n\n<p><a href=\"http:\/\/eeas.europa.eu\/delegations\/tunisia\/index_fr.htm\">http:\/\/eeas.europa.eu\/delegations\/tunisia\/index_fr.htm<\/a><\/p>\n\n\n\n<p><strong>COLLABORATEURS : <\/strong><\/p>\n\n\n<div class=\"wp-block-image\">\n<figure class=\"alignleft size-full is-resized\"><img loading=\"lazy\" decoding=\"async\" src=\"https:\/\/bouhedma.inrgref.ctfc.cat\/wp-content\/uploads\/2023\/02\/ministere-de-lenvironnement-et-du-developpement-durable-edited.png\" alt=\"\" class=\"wp-image-242\" width=\"102\" height=\"77\" srcset=\"https:\/\/bouhedma.inrgref.ctfc.cat\/wp-content\/uploads\/2023\/02\/ministere-de-lenvironnement-et-du-developpement-durable-edited.png 500w, https:\/\/bouhedma.inrgref.ctfc.cat\/wp-content\/uploads\/2023\/02\/ministere-de-lenvironnement-et-du-developpement-durable-edited-300x225.png 300w\" sizes=\"auto, (max-width: 102px) 100vw, 102px\" \/><\/figure>\n<\/div>\n\n\n<p>Le Minist\u00e8re de l&#8217;environnement&nbsp;et du&nbsp;d\u00e9veloppement durable<\/p><br><br><br><br>\n\n\n<div class=\"wp-block-image\">\n<figure class=\"alignleft size-full is-resized\"><img loading=\"lazy\" decoding=\"async\" src=\"https:\/\/bouhedma.inrgref.ctfc.cat\/wp-content\/uploads\/2023\/02\/DGF-Tunisia.jpg\" alt=\"\" class=\"wp-image-233\" width=\"104\" height=\"153\"\/><\/figure>\n<\/div>\n\n\n<p><p>La Direction G\u00e9n\u00e9rale des For\u00eats (DGF) de Tunisie<\/p><br><br><br><br><\/p>\n\n\n<div class=\"wp-block-image\">\n<figure class=\"alignleft size-full is-resized\"><img loading=\"lazy\" decoding=\"async\" src=\"https:\/\/bouhedma.inrgref.ctfc.cat\/wp-content\/uploads\/2023\/02\/20140225212218-cbd53091-me-1.jpg\" alt=\"\" class=\"wp-image-267\" width=\"115\" height=\"115\" srcset=\"https:\/\/bouhedma.inrgref.ctfc.cat\/wp-content\/uploads\/2023\/02\/20140225212218-cbd53091-me-1.jpg 594w, https:\/\/bouhedma.inrgref.ctfc.cat\/wp-content\/uploads\/2023\/02\/20140225212218-cbd53091-me-1-300x300.jpg 300w, https:\/\/bouhedma.inrgref.ctfc.cat\/wp-content\/uploads\/2023\/02\/20140225212218-cbd53091-me-1-150x150.jpg 150w\" sizes=\"auto, (max-width: 115px) 100vw, 115px\" \/><\/figure>\n<\/div>\n\n\n<p><p>Le Parc National de Bou-Hedma<\/p><br><br><br><br><\/p>\n\n\n\n<p>Les Groupements de D\u00e9veloppement Agricole et\/ou les repr\u00e9sentants des populations.<\/p>\n\n\n\n<p><strong>B\u00c9N\u00c9FICIAIRES :<\/strong><\/p>\n\n\n\n<p>Les communaut\u00e9s p\u00e9riph\u00e9riques, le Groupement de D\u00e9veloppement Agricole et\/ou dans ce cas les naissantes associations repr\u00e9sentatives des populations riveraines, la DGF et l\u2019INRGREF.<\/p>\n","protected":false},"excerpt":{"rendered":"<p>PARTENAIRES : Le&nbsp;CTFC : Centre de Recherche Foresti\u00e8re de Catalogne est le coordinateur principal du projet. C\u2019est un centre de Recherche Applique, de Formation et de Transfert de technologie. Sa mission est de contribuer \u00e0 la modernisation et \u00e0 la comp\u00e9titivit\u00e9 de la filaire for\u00eat et au d\u00e9veloppement durable du milieu naturel. C\u2019est le partenaire [&hellip;]<\/p>\n","protected":false},"author":1,"featured_media":0,"parent":0,"menu_order":0,"comment_status":"closed","ping_status":"closed","template":"","meta":{"om_disable_all_campaigns":false,"_mi_skip_tracking":false,"_themeisle_gutenberg_block_has_review":false,"footnotes":""},"class_list":["post-12","page","type-page","status-publish","hentry","entry"],"aioseo_notices":[],"_links":{"self":[{"href":"https:\/\/bouhedma.inrgref.ctfc.cat\/index.php?rest_route=\/wp\/v2\/pages\/12","targetHints":{"allow":["GET"]}}],"collection":[{"href":"https:\/\/bouhedma.inrgref.ctfc.cat\/index.php?rest_route=\/wp\/v2\/pages"}],"about":[{"href":"https:\/\/bouhedma.inrgref.ctfc.cat\/index.php?rest_route=\/wp\/v2\/types\/page"}],"author":[{"embeddable":true,"href":"https:\/\/bouhedma.inrgref.ctfc.cat\/index.php?rest_route=\/wp\/v2\/users\/1"}],"replies":[{"embeddable":true,"href":"https:\/\/bouhedma.inrgref.ctfc.cat\/index.php?rest_route=%2Fwp%2Fv2%2Fcomments&post=12"}],"version-history":[{"count":46,"href":"https:\/\/bouhedma.inrgref.ctfc.cat\/index.php?rest_route=\/wp\/v2\/pages\/12\/revisions"}],"predecessor-version":[{"id":265,"href":"https:\/\/bouhedma.inrgref.ctfc.cat\/index.php?rest_route=\/wp\/v2\/pages\/12\/revisions\/265"}],"wp:attachment":[{"href":"https:\/\/bouhedma.inrgref.ctfc.cat\/index.php?rest_route=%2Fwp%2Fv2%2Fmedia&parent=12"}],"curies":[{"name":"wp","href":"https:\/\/api.w.org\/{rel}","templated":true}]}}